{"id":12,"date":"2026-02-01T14:12:51","date_gmt":"2026-02-01T14:12:51","guid":{"rendered":"https:\/\/it-weiland.de\/?page_id=12"},"modified":"2026-02-01T15:41:32","modified_gmt":"2026-02-01T15:41:32","slug":"ueber-mich","status":"publish","type":"page","link":"https:\/\/it-weiland.de\/?page_id=12","title":{"rendered":"\u00dcber mich"},"content":{"rendered":"\n<p>Ich hei\u00dfe Andreas Weiland und k\u00fcmmere mich um Ihre Anliegen und Probleme beim Umgang mit Computer und Server auf Basis von MS-Windows und Android Ger\u00e4ten.<\/p>\n\n\n\n<p>Ich richte mich mit meinen Dienstleistungen sowohl an <a href=\"https:\/\/it-weiland.de\/?page_id=39\" type=\"link\" id=\"https:\/\/it-weiland.de\/?page_id=39\">Firmenkunden<\/a> sowie auch <a href=\"https:\/\/it-weiland.de\/?page_id=40\" type=\"link\" id=\"https:\/\/it-weiland.de\/?page_id=40\">Privatpersonen<\/a> im Gebiet Bad Waldsee und n\u00e4here Umgebung.<\/p>\n\n\n\n<p><\/p>\n","protected":false},"excerpt":{"rendered":"<p>Ich hei\u00dfe Andreas Weiland und k\u00fcmmere mich um Ihre Anliegen und Probleme beim Umgang mit Computer und Server auf Basis von MS-Windows und Android Ger\u00e4ten. Ich richte mich mit meinen Dienstleistungen sowohl an Firmenkunden sowie auch Privatpersonen im Gebiet Bad Waldsee und n\u00e4here Umgebung.<\/p>\n","protected":false},"author":1,"featured_media":0,"parent":0,"menu_order":0,"comment_status":"closed","ping_status":"closed","template":"","meta":{"footnotes":""},"class_list":["post-12","page","type-page","status-publish","hentry"],"yoast_head":"<!-- This site is optimized with the Yoast SEO plugin v27.0 - https:\/\/yoast.com\/product\/yoast-seo-wordpress\/ -->\n<title>\u00dcber mich - IT Weiland<\/title>\n<meta name=\"robots\" content=\"index, follow, max-snippet:-1, max-image-preview:large, max-video-preview:-1\" \/>\n<link rel=\"canonical\" href=\"https:\/\/it-weiland.de\/?page_id=12\" \/>\n<meta property=\"og:locale\" content=\"de_DE\" \/>\n<meta property=\"og:type\" content=\"article\" \/>\n<meta property=\"og:title\" content=\"\u00dcber mich - IT Weiland\" \/>\n<meta property=\"og:description\" content=\"Ich hei\u00dfe Andreas Weiland und k\u00fcmmere mich um Ihre Anliegen und Probleme beim Umgang mit Computer und Server auf Basis von MS-Windows und Android Ger\u00e4ten. Ich richte mich mit meinen Dienstleistungen sowohl an Firmenkunden sowie auch Privatpersonen im Gebiet Bad Waldsee und n\u00e4here Umgebung.\" \/>\n<meta property=\"og:url\" content=\"https:\/\/it-weiland.de\/?page_id=12\" \/>\n<meta property=\"og:site_name\" content=\"IT Weiland\" \/>\n<meta property=\"article:modified_time\" content=\"2026-02-01T15:41:32+00:00\" \/>\n<meta name=\"twitter:card\" content=\"summary_large_image\" \/>\n<meta name=\"twitter:label1\" content=\"Gesch\u00e4tzte Lesezeit\" \/>\n\t<meta name=\"twitter:data1\" content=\"1\u00a0Minute\" \/>\n<script type=\"application\/ld+json\" class=\"yoast-schema-graph\">{\"@context\":\"https:\/\/schema.org\",\"@graph\":[{\"@type\":\"WebPage\",\"@id\":\"https:\/\/it-weiland.de\/?page_id=12\",\"url\":\"https:\/\/it-weiland.de\/?page_id=12\",\"name\":\"\u00dcber mich - IT Weiland\",\"isPartOf\":{\"@id\":\"https:\/\/it-weiland.de\/#website\"},\"datePublished\":\"2026-02-01T14:12:51+00:00\",\"dateModified\":\"2026-02-01T15:41:32+00:00\",\"breadcrumb\":{\"@id\":\"https:\/\/it-weiland.de\/?page_id=12#breadcrumb\"},\"inLanguage\":\"de\",\"potentialAction\":[{\"@type\":\"ReadAction\",\"target\":[\"https:\/\/it-weiland.de\/?page_id=12\"]}]},{\"@type\":\"BreadcrumbList\",\"@id\":\"https:\/\/it-weiland.de\/?page_id=12#breadcrumb\",\"itemListElement\":[{\"@type\":\"ListItem\",\"position\":1,\"name\":\"Start\",\"item\":\"https:\/\/it-weiland.de\/\"},{\"@type\":\"ListItem\",\"position\":2,\"name\":\"\u00dcber mich\"}]},{\"@type\":\"WebSite\",\"@id\":\"https:\/\/it-weiland.de\/#website\",\"url\":\"https:\/\/it-weiland.de\/\",\"name\":\"IT Weiland\",\"description\":\"{make IT possible}\",\"potentialAction\":[{\"@type\":\"SearchAction\",\"target\":{\"@type\":\"EntryPoint\",\"urlTemplate\":\"https:\/\/it-weiland.de\/?s={search_term_string}\"},\"query-input\":{\"@type\":\"PropertyValueSpecification\",\"valueRequired\":true,\"valueName\":\"search_term_string\"}}],\"inLanguage\":\"de\"}]}<\/script>\n<!-- \/ Yoast SEO plugin. -->","yoast_head_json":{"title":"\u00dcber mich - IT Weiland","robots":{"index":"index","follow":"follow","max-snippet":"max-snippet:-1","max-image-preview":"max-image-preview:large","max-video-preview":"max-video-preview:-1"},"canonical":"https:\/\/it-weiland.de\/?page_id=12","og_locale":"de_DE","og_type":"article","og_title":"\u00dcber mich - IT Weiland","og_description":"Ich hei\u00dfe Andreas Weiland und k\u00fcmmere mich um Ihre Anliegen und Probleme beim Umgang mit Computer und Server auf Basis von MS-Windows und Android Ger\u00e4ten. Ich richte mich mit meinen Dienstleistungen sowohl an Firmenkunden sowie auch Privatpersonen im Gebiet Bad Waldsee und n\u00e4here Umgebung.","og_url":"https:\/\/it-weiland.de\/?page_id=12","og_site_name":"IT Weiland","article_modified_time":"2026-02-01T15:41:32+00:00","twitter_card":"summary_large_image","twitter_misc":{"Gesch\u00e4tzte Lesezeit":"1\u00a0Minute"},"schema":{"@context":"https:\/\/schema.org","@graph":[{"@type":"WebPage","@id":"https:\/\/it-weiland.de\/?page_id=12","url":"https:\/\/it-weiland.de\/?page_id=12","name":"\u00dcber mich - IT Weiland","isPartOf":{"@id":"https:\/\/it-weiland.de\/#website"},"datePublished":"2026-02-01T14:12:51+00:00","dateModified":"2026-02-01T15:41:32+00:00","breadcrumb":{"@id":"https:\/\/it-weiland.de\/?page_id=12#breadcrumb"},"inLanguage":"de","potentialAction":[{"@type":"ReadAction","target":["https:\/\/it-weiland.de\/?page_id=12"]}]},{"@type":"BreadcrumbList","@id":"https:\/\/it-weiland.de\/?page_id=12#breadcrumb","itemListElement":[{"@type":"ListItem","position":1,"name":"Start","item":"https:\/\/it-weiland.de\/"},{"@type":"ListItem","position":2,"name":"\u00dcber mich"}]},{"@type":"WebSite","@id":"https:\/\/it-weiland.de\/#website","url":"https:\/\/it-weiland.de\/","name":"IT Weiland","description":"{make IT possible}","potentialAction":[{"@type":"SearchAction","target":{"@type":"EntryPoint","urlTemplate":"https:\/\/it-weiland.de\/?s={search_term_string}"},"query-input":{"@type":"PropertyValueSpecification","valueRequired":true,"valueName":"search_term_string"}}],"inLanguage":"de"}]}},"_links":{"self":[{"href":"https:\/\/it-weiland.de\/index.php?rest_route=\/wp\/v2\/pages\/12","targetHints":{"allow":["GET"]}}],"collection":[{"href":"https:\/\/it-weiland.de\/index.php?rest_route=\/wp\/v2\/pages"}],"about":[{"href":"https:\/\/it-weiland.de\/index.php?rest_route=\/wp\/v2\/types\/page"}],"author":[{"embeddable":true,"href":"https:\/\/it-weiland.de\/index.php?rest_route=\/wp\/v2\/users\/1"}],"replies":[{"embeddable":true,"href":"https:\/\/it-weiland.de\/index.php?rest_route=%2Fwp%2Fv2%2Fcomments&post=12"}],"version-history":[{"count":5,"href":"https:\/\/it-weiland.de\/index.php?rest_route=\/wp\/v2\/pages\/12\/revisions"}],"predecessor-version":[{"id":77,"href":"https:\/\/it-weiland.de\/index.php?rest_route=\/wp\/v2\/pages\/12\/revisions\/77"}],"wp:attachment":[{"href":"https:\/\/it-weiland.de\/index.php?rest_route=%2Fwp%2Fv2%2Fmedia&parent=12"}],"curies":[{"name":"wp","href":"https:\/\/api.w.org\/{rel}","templated":true}]}}